3 = -2. Suppose -2*x + p = 0, 2*x + 174 = -4*i + 6*i. What is the remainder when i is divided by 18?
16
Suppose -126*j + 453 = -8241. Calculate the remainder when 194 is divided by j.
56
Let t(m) = -m**3 - 27*m**2 - 16*m - 228. What is the remainder when t(-27) is divided by 59?
27
Let b(v) = 121*v**2 - 2*v - 1. What is the remainder when b(1) is divided by 20?
18
What is the remainder when (-6)/(-15) + 2128/80 is divided by 14?
13
Suppose 3 + 27 = 5*m. Let c(y) = -y**3 - 6*y**2 + 6*y - 2. What is the remainder when m is divided by c(-7)?
1
Suppose 0 = -5*j + k + 96, -14 = -3*k - 2. What is the remainder when 35 is divided by j?
15
Let o(k) = -17*k + 85. What is the remainder when o(3) is divided by 13?
8
Suppose 5*w - 513 = 4*n - 6*n, 0 = 4*w + 5*n - 407. What is the remainder when w is divided by 21?
19
Let w(d) = -2*d**3 - 4*d**2 - 4*d - 2. Let k = 2256 + -2206. What is the remainder when k is divided by w(-2)?
2
Let j = 196 - 9. Calculate the remainder when j is divided by 21.
19
Suppose 4*u - u - 9 = -i, 3*i - 7 = -4*u. Let s = -20 - -27. Suppose s*r - 2*r = 75. What is the remainder when r is divided by u?
3
Let t(j) = j + 2. What is the remainder when t(8) is divided by (-55)/(-10) + (-2)/(-4)?
4
Suppose 0*a = -a + 3. Suppose -4*d - 3*n + 20 = -4*n, -a*d - 2*n + 26 = 0. What is the remainder when 15 is divided by d?
3
Let w(s) = -4*s - 13. Let u = 17 + -28. Let o be w(u). Suppose -v - 13 = -2*f, -5*f + o = -2*v - 0. Calculate the remainder when 13 is divided by f.
3
Let j(i) = i**3 - 6*i**2 - 10*i - 9. Let a be j(7). Let k(s) = -6*s - 6. Let y be k(-8). Let r = a + y. What is the remainder when 33 is divided by r?
9
Suppose 0 = -h + 2*s + 36, 2*h - 26 - 22 = -2*s. What is the remainder when 271 is divided by h?
19
Let o be (1 - -1)*((-4)/8 + 3). Suppose 605 = o*l - 13*p + 8*p, -520 = -4*l - 5*p. What is the remainder when l is divided by 14?
13
Suppose -19*g + 127 = -44. Calculate the remainder when 201 is divided by g.
3
Let y(c) = 2*c - 32. Let a be y(15). What is the remainder when 35 is divided by 4 - -2 - (1 - a/(-2))?
5
Suppose -g = g - 4. Suppose 3*o - 4*m = 26, -o = -g*o - 3*m - 13. Suppose z - 14 = -o*x - 0*x, 2*z = 8. Calculate the remainder when 9 is divided by x.
4
Suppose 0 = 4*d - 5*s - 230, 4*d - 61 = 3*d + 3*s. Suppose 3*f - d = -40. What is the remainder when 18 is divided by f?
3
Suppose 86 = 4*w - 34. What is the remainder when 55 - (2 + 1 - -2) is divided by w?
20
Let m(c) = c**2 + c - 5. Let k(z) = z. Let a(d) = -2*k(d) - m(d). Let h be a(-4). Calculate the remainder when 15 is divided by (h + 1)*1*2.
3
Let b = 10 - 6. Let x = -62 - -40. Let i = 41 + x. What is the remainder when i is divided by b?
3
Let h(v) be the second derivative of v**3/6 + 7*v**2 - 17*v. Calculate the remainder when 149 is divided by h(11).
24
Suppose 0 = y + 4 - 0, 0 = 5*i + 2*y - 127. Calculate the remainder when 430 is divided by i.
25
Let z(v) = -29*v - 293. What is the remainder when z(-11) is divided by 19?
7
Let b = -339 - -356. Calculate the remainder when b is divided by 4.
1
Let t(a) = -a**2 + 23*a + 20. Let m(y) = -5*y**3 + 6*y**2 + 5*y**3 + 4 + y**3 + 5*y. Calculate the remainder when t(21) is divided by m(-3).
14
Suppose -8 = -d - 4*y, 2*d - y - 1 - 6 = 0. Suppose 2*v - 3*v = -d, 2*h - 3*v + 8 = 0. Suppose 13*x - 21 = 31. What is the remainder when x is divided by h?
0
Let a = -7 + 23. Suppose -79 - 203 = -6*g. What is the remainder when g is divided by a?
15
Let i = -6 - -9. Let b(w) = w**3 - 3*w**2 + 4*w - 4. Suppose -2*d + 72 = 2*c, -c + 4*d + 198 = 4*c. What is the remainder when c is divided by b(i)?
6
Suppose -2*p = -5*q + 344, 4*q + 5*p - 23 = 272. Let v = 85 - q. Suppose 0 = 2*c + 2*y - 76, -c = 3*c - 4*y - 184. What is the remainder when c is divided by v?
12
Suppose 8*d - 4*d + f = 389, -296 = -3*d - 5*f. Calculate the remainder when 581 is divided by d.
96
Let a(m) = m**3 - 4*m**2 - 5*m + 2. Calculate the remainder when -1 + (-16 + 2)/(-2) is divided by a(5).
0
Suppose 21*f = -5*f + 156. What is the remainder when 27 is divided by f?
3
Let z(p) be the second derivative of -p**5/20 + 13*p**4/12 + p**3/3 - 6*p**2 + 8*p. What is the remainder when 26 is divided by z(13)?
12
Let x(l) = -l**3 + 9*l**2 + 2*l - 7. Let a be (12/8)/(6/32). Suppose 0 = 3*j - j - a. Calculate the remainder when x(9) is divided by j.
3
Let w = -149 + 235. Suppose -3*g - 118 = -5*g. Let j = w - g. What is the remainder when j is divided by 14?
13
Let n(h) = -h**3 + 8*h**2 - 8*h + 10. Let u be n(7). Suppose -2*p - z = u*p - 36, 2*z + 8 = 0. Calculate the remainder when 22 is divided by p.
6
Let f = -698 - -710. Calculate the remainder when 129 is divided by f.
9
Suppose -5*r = -3*s - 0*s, 2*r - 21 = -3*s. Let o = s - -4. Let f(d) = -8*d + 1. Calculate the remainder when f(-4) is divided by o.
6
Let u = 162 + -69. Let a(m) = m**2 + 7*m + 16. What is the remainder when u is divided by a(-7)?
13
Suppose 462 = 548*n - 541*n. Calculate the remainder when 241 is divided by n.
43
Let a(m) = -m**2 + 4*m + 7. Let y be a(5). Suppose -22*d + 1610 = 114. Suppose 0 = -y*p + 6*p - d. What is the remainder when p is divided by 9?
8
Let x(s) = -2*s**2 + 112*s - 1351. Let h(j) = 5*j**2 - 3*j - 3. Calculate the remainder when h(3) is divided by x(18).
16
Let o(i) = i - 16. Let k be (2/5)/(3/75). What is the remainder when ((-16)/10)/(k/(-25)) is divided by o(18)?
0
Let a(j) = j + 29. Let f(q) = -2*q**3 + q**2 - 3*q + 3. Let i be f(2). What is the remainder when a(i) is divided by 8?
6
Let v(j) = 2*j**3 + 4*j**2 - 4*j. What is the remainder when v(2) is divided by 6/2*10/6?
4
Suppose 6*d - 11*d = -35. Suppose 2*j + j - 4*i + d = 0, -14 = -2*j - 2*i. Suppose j*h - 35 = -2. Calculate the remainder when 28 is divided by h.
6
Let d be (33/9)/((-1)/3). What is the remainder when (-22)/d + (-2 - -16) is divided by 5?
1
Suppose -105 = 5*i - 505. Let f(u) = u**3 - u**2 + 10. What is the remainder when i is divided by f(3)?
24
Let x(p) = p - 2*p**2 - 4 + p**2 - 3*p**2 + p. Let h be x(5). Let y = h - -173. Calculate the remainder when y is divided by 20.
19
Calculate the remainder when 400 is divided by ((-4)/6)/(3*16/(-936)).
10
Let v = -22 - -33. What is the remainder when 2/(-4)*1*(-44 + -16) is divided by v?
8
Let s = 361 - 334. Suppose 50 = j + 3*k, -2*k - k - 3 = 0. What is the remainder when j is divided by s?
26
Let r = 1095 - -1766. Calculate the remainder when r is divided by 16.
13
Let t = -11 + 16. Suppose -20 - 40 = -t*z. What is the remainder when 221/7 - 69/(-161) is divided by z?
8
Suppose w = 6*w + 4*b - 74, -3*b + 31 = 2*w. Let d = 2753 + -2688. Calculate the remainder when d is divided by w.
9
Let s be (1/(-2))/(5/(-20)). What is the remainder when (-3624)/(-104) + s/13 is divided by (18*-1)/(-3 + 1)?
8
Let u(b) be the first derivative of 7*b**3/3 - 2*b**2 + 3*b + 5. Let y(h) be the first derivative of u(h). Calculate the remainder when y(5) is divided by 17.
15
Suppose -13*j + 0*j + 39 = 0. Let w = j - -12. Calculate the remainder when 56 is divided by w.
11
Suppose 2*b - 56 = -4*i + 7*b, b = -4*i + 56. Calculate the remainder when (-9)/(-24) - 2644/(-32) is divided by i.
13
Suppose 4*c = -2*g - 0*c + 52, g = -c + 26. What is the remainder when 44 is divided by g?
18
Suppose 5*b = -34 + 49. Suppose -4*r - b*x = -145, 2*r - 70 = -2*x - 2*x. Calculate the remainder when 145 is divided by r.
34
Suppose 5*u - 2*i = 2*i + 132, -94 = -3*u - 5*i. Let x = 113 - u. Let s = 74 + -45. What is the remainder when x is divided by s?
27
Suppose -3*v + 35 = -4. What is the remainder when 76 is divided by v?
11
Let k(g) = g**3 - 7*g**2 + 8*g + 3. Let q be k(6). What is the remainder when 104 is divided by 5/2*(q + -1)?
34
Let q be 6*(28/12 - 2). Let x be (-128)/(-6)*3/q. Suppose -t - x = -2*t. What is the remainder when t is divided by 11?
10
Calculate the remainder when 355/6 + 0 - (-93)/(-558) is divided by 20.
19
Suppose 0 = 63*q - 66*q + 1143. Calculate the remainder when q is divided by 48.
45
Let i(h) = h**2 - 2*h - 6. Let t = -61 - -57. Calculate the remainder when (-4 + 1)*(-178)/6 is divided by i(t).
17
Calculate the remainder when (-5)/(-3)*3 + 64 + -28 is divided by 15.
11
Suppose 0 = 4*k + 15*k - 57. What is the remainder when k is divided by 3?
0
Let s be 4 